{"id":159,"date":"2022-12-20T16:22:17","date_gmt":"2022-12-20T16:22:17","guid":{"rendered":"https:\/\/tonollo.net\/?page_id=159"},"modified":"2022-12-28T09:39:23","modified_gmt":"2022-12-28T09:39:23","slug":"startseite-2","status":"publish","type":"page","link":"https:\/\/tonollo.net\/","title":{"rendered":"Startseite"},"content":{"rendered":"<section class=\"l-section wpb_row us_custom_eac59c77 height_medium full_height valign_center\" id=\"start\"><div class=\"l-section-h i-cf\"><div class=\"g-cols vc_row via_flex valign_top type_default stacking_default\"><div class=\"vc_col-sm-12 wpb_column vc_column_container\"><div class=\"vc_column-inner\"><div class=\"wpb_wrapper\"><div class=\"g-cols wpb_row via_flex valign_middle type_default stacking_default\"><div class=\"vc_col-sm-6 wpb_column vc_column_container\"><div class=\"vc_column-inner\"><div class=\"wpb_wrapper\"><div class=\"wpb_text_column\" id=\"#gutentag\"><div class=\"wpb_wrapper\"><h2><strong>Guten Tag,<br \/>ich bin <\/strong><strong>Claudia Tonollo<\/strong><\/h2>\n<p>Ich arbeite als systemisch-l\u00f6sungsorientierte Sachverst\u00e4ndige im Familienrecht und biete Supervision, Mediation sowie Einzelberatung an.<\/p>\n<\/div><\/div><\/div><\/div><\/div><div class=\"vc_col-sm-6 wpb_column vc_column_container\"><div class=\"vc_column-inner\"><div class=\"wpb_wrapper\"><div class=\"w-image us_custom_9cf479d2 align_none\"><div class=\"w-image-h\"><img width=\"1024\" height=\"678\" src=\"https:\/\/tonollo.net\/wp-content\/uploads\/2022\/12\/Claudia_Tonollo_3-1024x678.jpg\" class=\"attachment-large size-large\" alt=\"\" decoding=\"async\" loading=\"lazy\" srcset=\"https:\/\/tonollo.net\/wp-content\/uploads\/2022\/12\/Claudia_Tonollo_3-1024x678.jpg 1024w, https:\/\/tonollo.net\/wp-content\/uploads\/2022\/12\/Claudia_Tonollo_3-300x199.jpg 300w, https:\/\/tonollo.net\/wp-content\/uploads\/2022\/12\/Claudia_Tonollo_3-768x509.jpg 768w, https:\/\/tonollo.net\/wp-content\/uploads\/2022\/12\/Claudia_Tonollo_3-1536x1018.jpg 1536w, https:\/\/tonollo.net\/wp-content\/uploads\/2022\/12\/Claudia_Tonollo_3-320x212.jpg 320w, https:\/\/tonollo.net\/wp-content\/uploads\/2022\/12\/Claudia_Tonollo_3-480x318.jpg 480w, https:\/\/tonollo.net\/wp-content\/uploads\/2022\/12\/Claudia_Tonollo_3-800x530.jpg 800w, https:\/\/tonollo.net\/wp-content\/uploads\/2022\/12\/Claudia_Tonollo_3.jpg 1920w\" sizes=\"(max-width: 1024px) 100vw, 1024px\" \/><\/div><\/div><div class=\"w-separator size_medium\"><\/div><\/div><\/div><\/div><\/div><div class=\"w-btn-wrapper align_none\"><a class=\"w-btn us-btn-style_2\" href=\"\/#sachverst\u00e4ndige\"><span class=\"w-btn-label\">weiter<\/span><\/a><\/div><\/div><\/div><\/div><\/div><\/div><\/section><section class=\"l-section wpb_row height_medium\" id=\"sachverst\u00e4ndige\"><div class=\"l-section-h i-cf\"><div class=\"g-cols vc_row via_flex valign_top type_default stacking_default\"><div class=\"vc_col-sm-6 wpb_column vc_column_container\"><div class=\"vc_column-inner\"><div class=\"wpb_wrapper\"><div class=\"w-separator size_medium\"><\/div><div class=\"wpb_text_column\"><div class=\"wpb_wrapper\"><h2><strong>Begutachtung<\/strong><\/h2>\n<\/div><\/div><\/div><\/div><\/div><div class=\"vc_col-sm-6 wpb_column vc_column_container\"><div class=\"vc_column-inner\"><div class=\"wpb_wrapper\"><div class=\"w-separator size_medium\"><\/div><div class=\"wpb_text_column us_custom_04e7aa0a\"><div class=\"wpb_wrapper\"><p><strong>Der Ma\u00dfstab allen gerichtlichen Handelns ist das Kindeswohl. <\/strong>Kinder belastet Stress und Streit ihrer Bezugspersonen, mit denen sie emotional eng verbunden sind sehr. Das trifft sowohl auf Streit untereinander als auch zwischen den Bezugspersonen und anderen Stellen und Personen wie z.B. Jugendamt und Gericht. Ziel meiner Arbeit ist es Konflikt- und Gef\u00e4hrdungspotentiale abzubauen und die Bezugspersonen in die Lage zu versetzen, an einer am Kind orientierten L\u00f6sung zu arbeiten.<\/p>\n<div class=\"wp-block-spacer\" aria-hidden=\"true\">\u00a0<\/div>\n<p>&nbsp;<\/p>\n<\/div><\/div><div class=\"w-separator size_medium\"><\/div><\/div><\/div><\/div><\/div><\/div><\/section><section class=\"l-section wpb_row height_medium full_height valign_top\" id=\"sachverst\u00e4ndige\"><div class=\"l-section-h i-cf\"><div class=\"g-cols vc_row via_flex valign_top type_default stacking_default\"><div class=\"vc_col-sm-6 wpb_column vc_column_container\"><div class=\"vc_column-inner\"><div class=\"wpb_wrapper\"><\/div><\/div><\/div><div class=\"vc_col-sm-6 wpb_column vc_column_container\"><div class=\"vc_column-inner\"><div class=\"wpb_wrapper\"><div class=\"wpb_text_column us_custom_1f64da91\"><div class=\"wpb_wrapper\"><p>Meine Arbeitsweise orientiert sich an den Standards meines Fachverbandes Systemisch-L\u00f6sungsorientierter Sachverst\u00e4ndiger im Familienrecht (FSLS):<\/p>\n<figure class=\"wp-block-image size-full is-resized\"><img decoding=\"async\" loading=\"lazy\" class=\"wp-image-102\" src=\"https:\/\/tonollo.net\/wp-content\/uploads\/2022\/11\/Logo-FSLS_final_RGB.jpg\" sizes=\"(max-width: 305px) 100vw, 305px\" srcset=\"https:\/\/tonollo.net\/wp-content\/uploads\/2022\/11\/Logo-FSLS_final_RGB.jpg 581w, https:\/\/tonollo.net\/wp-content\/uploads\/2022\/11\/Logo-FSLS_final_RGB-300x132.jpg 300w, https:\/\/tonollo.net\/wp-content\/uploads\/2022\/11\/Logo-FSLS_final_RGB-320x140.jpg 320w, https:\/\/tonollo.net\/wp-content\/uploads\/2022\/11\/Logo-FSLS_final_RGB-480x211.jpg 480w\" alt=\"\" width=\"305\" height=\"134\" \/><\/figure>\n<div class=\"wp-block-spacer\" aria-hidden=\"true\">\u00a0<\/div>\n<p><a href=\"https:\/\/fsls.de\/standards\/\" target=\"_blank\" rel=\"noopener\">https:\/\/fsls.de\/standards\/<\/a><\/p>\n<p>&nbsp;<\/p>\n<p><strong>Systemisch-l\u00f6sungsorientierte Begutachtung zeichnet sich aus durch:<\/strong><\/p>\n<ul>\n<li>gemeinsames Arbeiten an einer L\u00f6sung, d.h. mit den Eltern, Bezugspersonen, nicht getrennt von diesen<\/li>\n<li>Allparteilichkeit<\/li>\n<li>Einbezug der Paarebene<\/li>\n<li>Aufkl\u00e4rung \u00fcber psychologische Hintergr\u00fcnde<\/li>\n<li>Verzicht auf Testverfahren<\/li>\n<\/ul>\n<p><strong>Vorgehensweise:<\/strong><\/p>\n<ul>\n<li>Einzelgespr\u00e4che, gemeinsame Elterngespr\u00e4che<\/li>\n<li>Kinderexploration<\/li>\n<li>Interaktionsbeobachtungen<\/li>\n<li>Einbezug weiterer Bezugspersonen<\/li>\n<li>Kooperation mit weiteren Fachkr\u00e4ften<\/li>\n<li>Erarbeitung einer (akzeptierten) L\u00f6sung<\/li>\n<li>Runder Tisch bei Kindeswohlgef\u00e4hrdung<\/li>\n<\/ul>\n<p><strong>Beantwortung der gerichtlichen Fragestellung:<\/strong><\/p>\n<ul>\n<li>bei Einigung erfolgt eine Stellungnahme an das Gericht<\/li>\n<li>wenn eine Einigung nicht gelungen ist erfolgt ein schriftliches Gutachten<\/li>\n<li>M\u00f6glichkeit eines m\u00fcndlichen Gutachtens<\/li>\n<li>Sollte die Erarbeitung einer L\u00f6sung nicht m\u00f6glich sein, wird es selbstverst\u00e4ndlich eine gutachterliche Empfehlung geben<\/li>\n<\/ul>\n<p>Rechtliche Grundlage der systemisch-l\u00f6sungsorientierten Begutachtung im Familienrecht ist der <strong>\u00a7 163 FamFG Satz 2<\/strong>:<\/p>\n<ul>\n<li>In Verfahren nach \u00a7 151 Nummer 1 bis 3 ist das Gutachten durch einen geeigneten Sachverst\u00e4ndigen zu erstatten, der mindestens \u00fcber eine psychologische, psychotherapeutische, kinder- und jugendpsychiatrische, psychiatrische, \u00e4rztliche, p\u00e4dagogische oder sozialp\u00e4dagogische Berufsqualifikation verfugen soll. Verf\u00fcgt der Sachverst\u00e4ndige \u00fcber eine p\u00e4dagogische oder sozialp\u00e4dagogische Berufsqualifikation, ist der Erwerb ausreichender diagnostischer und analytischer Kenntnisse durch eine anerkannte Zusatzqualifikation nachzuweisen.<\/li>\n<li>Das Gericht kann in Verfahren, die die Person des Kindes betreffen, anordnen, dass der Sachverst\u00e4ndige bei der Erstellung des Gutachtens auch auf die Herstellung des Einvernehmens zwischen den Beteiligten hinwirken soll.<\/li>\n<\/ul>\n<\/div><\/div><\/div><\/div><\/div><\/div><\/div><\/section><section class=\"l-section wpb_row height_medium\"><div class=\"l-section-h i-cf\"><div class=\"g-cols vc_row via_flex valign_top type_default stacking_default\"><div class=\"vc_col-sm-12 wpb_column vc_column_container\"><div class=\"vc_column-inner\"><div class=\"wpb_wrapper\"><div class=\"w-separator size_small with_line width_default thick_1 style_solid color_border align_center\"><div class=\"w-separator-h\"><\/div><\/div><\/div><\/div><\/div><\/div><\/div><\/section><section class=\"l-section wpb_row height_medium\" id=\"supervision\"><div class=\"l-section-h i-cf\"><div class=\"g-cols vc_row via_flex valign_top type_default stacking_default\"><div class=\"vc_col-sm-6 wpb_column vc_column_container\"><div class=\"vc_column-inner\"><div class=\"wpb_wrapper\"><div class=\"w-separator size_medium\"><\/div><div class=\"wpb_text_column\"><div class=\"wpb_wrapper\"><h2><strong>Supervision<\/strong><\/h2>\n<\/div><\/div><\/div><\/div><\/div><div class=\"vc_col-sm-6 wpb_column vc_column_container\"><div class=\"vc_column-inner\"><div class=\"wpb_wrapper\"><div class=\"w-separator size_medium\"><\/div><div class=\"wpb_text_column\"><div class=\"wpb_wrapper\"><p>Supervision ist ein praxisorientiertes Angebot zur St\u00e4rkung der beruflichen Kommunikation und Zusammenarbeit um die Qualit\u00e4t und Verbesserung beruflicher Arbeit sicherzustellen. Sie unterst\u00fctzt in Situationen hoher Komplexit\u00e4t, Differenziertheit und dynamischer Ver\u00e4nderung.<\/p>\n<p>F\u00f6rderlich ist dabei, da\u00df sie der sogenannten Psychohygiene sowie der Optimierung der jeweiligen Berufsrolle dient und damit insgesamt der Arbeitszufriedenheit zutr\u00e4glich ist. Die Supervision setzt die berufliche Rolle und das konkrete Handeln zu den Rahmenbedingungen, Strukturen sowie Aufgabenstellungen des Arbeitgebers als auch der Organisation in Beziehung.<\/p>\n<p>Um L\u00f6sungen f\u00fcr die im Vorfeld entwickelten Themen und Fragestellungen zu erreichen findet die Supervision in regelm\u00e4\u00dfigen Terminen statt. Ein wichtiges Ziel der Supervison ist die Unterst\u00fctzung bei der Erarbeitung neuer Perspektiven, Ideen und L\u00f6sungsimpulsen speziell in Unternehmen.<\/p>\n<\/div><\/div><\/div><\/div><\/div><\/div><\/div><\/section><section class=\"l-section wpb_row height_medium\"><div class=\"l-section-h i-cf\"><div class=\"g-cols vc_row via_flex valign_top type_default stacking_default\"><div class=\"vc_col-sm-12 wpb_column vc_column_container\"><div class=\"vc_column-inner\"><div class=\"wpb_wrapper\"><div class=\"w-separator size_small with_line width_default thick_1 style_solid color_border align_center\"><div class=\"w-separator-h\"><\/div><\/div><\/div><\/div><\/div><\/div><\/div><\/section><section class=\"l-section wpb_row height_medium\" id=\"mediation\"><div class=\"l-section-h i-cf\"><div class=\"g-cols vc_row via_flex valign_top type_default stacking_default\"><div class=\"vc_col-sm-6 wpb_column vc_column_container\"><div class=\"vc_column-inner\"><div class=\"wpb_wrapper\"><div class=\"w-separator size_medium\"><\/div><div class=\"wpb_text_column\"><div class=\"wpb_wrapper\"><h2><strong>Mediation<\/strong><\/h2>\n<\/div><\/div><\/div><\/div><\/div><div class=\"vc_col-sm-6 wpb_column vc_column_container\"><div class=\"vc_column-inner\"><div class=\"wpb_wrapper\"><div class=\"w-separator size_medium\"><\/div><div class=\"wpb_text_column\"><div class=\"wpb_wrapper\"><p>Mediation ist ein strukturiertes Verfahren zur Kl\u00e4rung und L\u00f6sung von Konflikten mit dem Ziel, eine au\u00dfergerichtliche Einigung zu finden, die die Interessen aller Beteiligten angemessen ber\u00fccksichtigt.<\/p>\n<p>Die Teilnahme an einer Mediation ist freiwillig und das Ergebnis ist offen.<\/p>\n<p>\u00a0<\/p>\n<div class=\"wp-block-spacer\" aria-hidden=\"true\">\u00a0<\/div>\n<p><strong>Mediation unterst\u00fctzt<\/strong><\/p>\n<p>\u2026bei Konflikten in Familie und Partnerschaft<\/p>\n<p>\u2026bei Konflikten am Arbeitsplatz<\/p>\n<p>\u2026bei Nachbarschafts-Streitigkeiten<\/p>\n<p>\u2026bei Konflikten in Non-Profit Organisationen und Vereinen<\/p>\n<\/div><\/div><\/div><\/div><\/div><\/div><\/div><\/section><section class=\"l-section wpb_row height_medium\"><div class=\"l-section-h i-cf\"><div class=\"g-cols vc_row via_flex valign_top type_default stacking_default\"><div class=\"vc_col-sm-12 wpb_column vc_column_container\"><div class=\"vc_column-inner\"><div class=\"wpb_wrapper\"><div class=\"w-separator size_small with_line width_default thick_1 style_solid color_border align_center\"><div class=\"w-separator-h\"><\/div><\/div><\/div><\/div><\/div><\/div><\/div><\/section><section class=\"l-section wpb_row height_medium\" id=\"about\"><div class=\"l-section-h i-cf\"><div class=\"g-cols vc_row via_flex valign_top type_default stacking_default\"><div class=\"vc_col-sm-6 wpb_column vc_column_container\"><div class=\"vc_column-inner\"><div class=\"wpb_wrapper\"><div class=\"w-separator size_medium\"><\/div><div class=\"wpb_text_column\"><div class=\"wpb_wrapper\"><h2><strong>Qualifikation<\/strong><\/h2>\n<\/div><\/div><\/div><\/div><\/div><div class=\"vc_col-sm-6 wpb_column vc_column_container\"><div class=\"vc_column-inner\"><div class=\"wpb_wrapper\"><div class=\"w-separator size_medium\"><\/div><div class=\"wpb_text_column\"><div class=\"wpb_wrapper\"><p><strong>Qualifikationen und Abschl\u00fcsse:<\/strong><\/p>\n<ul>\n<li>Diplom Sozialp\u00e4dagogin (Fachhochschule Nordostniedersachsen)<\/li>\n<li>Systemisch-l\u00f6sungsorientierte psychologische Sachverst\u00e4ndige (Institut f\u00fcr L\u00f6sungsorientierte Arbeit im Familienrecht Lemgo)<\/li>\n<li>Geschichtenerg\u00e4nzungsverfahren zur Bindung (Institut f\u00fcr Kindheit und Entwicklung Ulm)<\/li>\n<li>Entwicklungspsychologische Beratung (Institut f\u00fcr Kindheit und Entwicklung Ulm)<\/li>\n<li>Fachkraft f\u00fcr Sozialp\u00e4dagogische Familiendiagnosen (IGFH)<\/li>\n<li>Supervisorin (Leibnitz Universit\u00e4t Hannover)<\/li>\n<li>Mediatorin (BM)<\/li>\n<li>Traumatherapie mit Trimb (Ellen Spangenberg)<\/li>\n<li>Kinderschutzfachkraft (L\u00fcttrinhaus)<\/li>\n<li>Kinder im Blick Kursleitung (LMU und Familiennotruf M\u00fcnchen)<\/li>\n<li>Familienrat (Uni M\u00fcnster)<\/li>\n<li>System- und Familienaufstellungen (Elisa Mombauer, Ingrid Dyksta)<\/li>\n<li>Krankenschwester (Universit\u00e4tsklinikum Rudolf-Virchow Berlin)<\/li>\n<\/ul>\n<div class=\"wp-block-spacer\" aria-hidden=\"true\">\u00a0<\/div>\n<p><strong>freiberufliche T\u00e4tigkeit:<\/strong><\/p>\n<ul>\n<li>seit 2017 systemisch-l\u00f6sungsorientierte Begutachtung im Familienrecht<\/li>\n<li>seit 2013 Jugendhilfe, Beratung, Aufstellungsarbeit, Mediation und Supervision<\/li>\n<\/ul>\n<div class=\"wp-block-spacer\" aria-hidden=\"true\">\u00a0<\/div>\n<p><strong>weitere Berufserfahrungen:<\/strong><\/p>\n<ul>\n<li>Konzeptionierung, Aufbau und Leitung einer Beratungsstelle f\u00fcr gerichtsnahe Beratung<\/li>\n<li>freie (ambulant und teilstation\u00e4r) und \u00f6ffentliche Jugendhilfe<\/li>\n<li>Wiedereingliederungshilfe nach SGB II und SGB XII<\/li>\n<li>Kinder- und Jugend, sowie Suchtbereich in einer psychiatrischen Klinik<\/li>\n<\/ul>\n<p><!-- \/wp:paragraph --><\/p>\n<\/div><\/div><\/div><\/div><\/div><\/div><\/div><\/section>","protected":false},"excerpt":{"rendered":"Guten Tag,ich bin Claudia Tonollo Ich arbeite als systemisch-l\u00f6sungsorientierte Sachverst\u00e4ndige im Familienrecht und biete Supervision, Mediation sowie Einzelberatung an. weiter Begutachtung Der Ma\u00dfstab allen gerichtlichen Handelns ist das Kindeswohl. Kinder belastet Stress und Streit ihrer Bezugspersonen, mit denen sie emotional eng verbunden sind sehr. Das trifft sowohl auf Streit untereinander als auch zwischen den Bezugspersonen...","protected":false},"author":1,"featured_media":0,"parent":0,"menu_order":0,"comment_status":"closed","ping_status":"closed","template":"","meta":[],"_links":{"self":[{"href":"https:\/\/tonollo.net\/index.php?rest_route=\/wp\/v2\/pages\/159"}],"collection":[{"href":"https:\/\/tonollo.net\/index.php?rest_route=\/wp\/v2\/pages"}],"about":[{"href":"https:\/\/tonollo.net\/index.php?rest_route=\/wp\/v2\/types\/page"}],"author":[{"embeddable":true,"href":"https:\/\/tonollo.net\/index.php?rest_route=\/wp\/v2\/users\/1"}],"replies":[{"embeddable":true,"href":"https:\/\/tonollo.net\/index.php?rest_route=%2Fwp%2Fv2%2Fcomments&post=159"}],"version-history":[{"count":41,"href":"https:\/\/tonollo.net\/index.php?rest_route=\/wp\/v2\/pages\/159\/revisions"}],"predecessor-version":[{"id":224,"href":"https:\/\/tonollo.net\/index.php?rest_route=\/wp\/v2\/pages\/159\/revisions\/224"}],"wp:attachment":[{"href":"https:\/\/tonollo.net\/index.php?rest_route=%2Fwp%2Fv2%2Fmedia&parent=159"}],"curies":[{"name":"wp","href":"https:\/\/api.w.org\/{rel}","templated":true}]}}